g) = -g**3 + 5*g**2 + 6*g + 9. Suppose 36*j - 54 = 9*j. Suppose 0 = j*h - 4*w - w - 37, -5*h + 35 = -w. Give x(h).
9
Let m(n) = n**3 - 10*n**2 + 8*n + 11. Let h be m(9). Suppose 3*b = f + 15, 2*b - 8 = -h*f + 2. Suppose -b*x = -7*x + 8. Let u(s) = s**2 - 5*s + 4. Give u(x).
0
Let p(y) be the first derivative of -y**4/4 + 5*y**3/3 + 3*y**2/2 - 22*y - 650. Calculate p(5).
-7
Let z(r) = -1 - r**2 + 3*r + 3*r + r. Let o be 1/6 + ((-3332)/(-24) - 0). Suppose 144*d - o*d = 30. Calculate z(d).
5
Let o(j) = j**3 - 3*j**2 - 2*j + 5. Suppose -a + 2*p = 168, 2*a - 56*p = -54*p - 326. Let t = 162 + a. Give o(t).
13
Let k be -7 + 3/(-27)*1551/(-22). Let t(d) be the second derivative of -20*d - k*d**3 + 5/2*d**2 + 0. Calculate t(4).
-15
Let q(x) = -x - 13. Let o = 2975 - 2952. What is q(o)?
-36
Let p(v) = 343*v**2 + 10*v + 24. Let d(o) = -113*o**2 - 4*o - 9. Let m(l) = -11*d(l) - 4*p(l). What is m(-1)?
-130
Suppose -5*m + 19 - 4 = 0. Let v(y) = 0*y**2 - 564*y**m + 4*y - 1 + 563*y**3 - y**2. Calculate v(-3).
5
Let h(l) = -l**2 + 8*l - 3. Suppose -5*p + 21 + 33 = -3*z, -5*p = 5*z + 50. Let r(o) = o**2 + 11*o - 19. Let t be r(z). Suppose 2*s = t*s - 15. What is h(s)?
12
Let n(m) = -9*m**2 + 2*m - 1. Let s be (2/(-182) + (-16)/(-104))*7 - 0. What is n(s)?
-8
Let v(k) = 5*k**3 - 15*k**2 - 11*k - 3. Let i(f) = 2*f**3 - 5*f**2 - 4*f - 1. Let u(g) = -8*i(g) + 3*v(g). Let b be ((-16)/(-80))/(290/(-5800)). Calculate u(b).
-13
Let d(w) = w + 2. Let t(p) = 0 + 23*p - 4 - 3 + 2. Let c(n) = 2*d(n) + t(n). Calculate c(1).
24
Let r(u) = 19*u - 13. Let f = -5 - -3. Let j(o) = 6*o - 4. Let b(d) = f*r(d) + 7*j(d). Let q = 1411 - 1409. Calculate b(q).
6
Let k be (1824/(-360) + 5)/((-3)/(-135)*-3). Let i(a) = -4 + 4*a + 6 - 5*a. Calculate i(k).
1
Let k = -626 - -137. Let i = k - -485. Let v(h) be the first derivative of h**4/4 + 2*h**3 + 3*h**2 - 1. Give v(i).
8
Let y(t) = -40*t**2 - 14. Let z(k) = -6*k**2 - 2. Let h(b) = 3*y(b) - 21*z(b). What is h(-1)?
6
Let o(b) be the first derivative of -b**5/60 - 11*b**4/24 - 4*b**3/3 - 9*b**2 + 86. Let n(f) be the second derivative of o(f). Determine n(-11).
-8
Let o(l) = l**3 + 3*l**2 - 5*l - 13. Suppose -5*q + h - 19 = 0, -166*h + 23 = -5*q - 169*h. What is o(q)?
-9
Let f(t) = 18*t - 4 - 6*t - 4 - 6*t + 7. What is f(7)?
41
Let n(x) = -11*x**2 + 12*x + 6. Let m(g) = 5*g**2 - 6*g - 3. Let c(d) = -9*m(d) - 4*n(d). Calculate c(5).
8
Let o(h) = -h**3 + 6*h**2 - 5*h - 3. Let i be o(4). Let r(q) be the second derivative of -q**3/6 + 15*q**2/2 + 540*q - 7. What is r(i)?
6
Let c(s) be the second derivative of -s**5/20 - 7*s**4/12 - 5*s**3/6 - 4*s**2 - 45667*s. Suppose 4*a - 5 = -29. Determine c(a).
-14
Suppose 15 - 11 = -4*g. Let n(h) = -10*h - 6. Let p(l) = -l - 2. Let m(o) = g*n(o) + 6*p(o). Determine m(3).
6
Let r(v) = 11*v**2 + 34*v + 9. Let g(u) = 23*u**2 + 74*u + 20. Let f(x) = -6*g(x) + 13*r(x). Give f(-3).
48
Suppose 5*w = -5, -1 + 6 = 3*x + 4*w. Let o(z) be the second derivative of -z**4/12 + 7*z**3/6 - 3*z**2/2 + 5*z - 5112. Calculate o(x).
9
Let f(a) = -a**2 - 21*a - 23. Let t be 24/16 + (-29)/2. Let s be f(t). Let u(g) = -16 - 44*g - 39*g + s*g. Calculate u(-11).
6
Let i(p) be the first derivative of p**3/3 - 5*p**2/2 + 5*p + 2614. Determine i(4).
1
Let b(j) be the second derivative of j**4/6 - j**3/3 + 18*j**2 - 2094*j. What is b(0)?
36
Let l(k) be the second derivative of k**4/12 + 4*k**3/3 + 19*k**2/2 - 2946*k - 2. Give l(-6).
7
Let r(x) = -x**3 + 4*x**2 + 21*x + 2. Let b be r(7). Let w(y) = -y**b - 17 + 19 - 8 - 2*y. What is w(-4)?
-14
Let t(o) = 14*o**2 + 81*o - 43. Let n(v) = -3*v**2 - 19*v + 10. Let c(r) = -9*n(r) - 2*t(r). Calculate c(7).
10
Let n(w) = -w**3 + 26*w**2 + 33*w - 161. Let q be n(27). Let k(t) = -47*t - q + 3*t**2 - 4*t**3 + 2*t**3 + 0*t**3 + 46*t. Determine k(2).
-7
Let i(d) = -d**2 - 7*d - 6. Suppose 2*a - 2 + 14 = 0. Let v be (a - 2)/((-5)/((-10)/4)). Calculate i(v).
6
Suppose 2451 = -4*s + 2463. Let r(w) be the third derivative of 5/24*w**4 - 12*w**2 + 7/6*w**s + 0 + 0*w - 1/60*w**5. What is r(7)?
-7
Let m(s) be the second derivative of s**4/12 - s**2/2 - 49*s - 3. Let j(l) = -l**2 - 20*l - 21. Let q be j(-19). Let c be q - 0*1/2. Determine m(c).
3
Let f(c) be the first derivative of -c**4/4 - 7*c**3/3 - 5*c**2 - 4*c - 2292. Give f(-4).
-12
Suppose 26*i - 2363 = 497. Let k(m) = -2*m - i + 22*m + 55 + 56 + m**2. Give k(-20).
1
Suppose -2*d + 44 = 4*p, -4*p + 8 = -d - 24. Let h(t) = -p + 19 - 9 + 6*t - t. Let s(j) = j**3 - 2*j**2 - 4*j + 4. Let a be s(3). Determine h(a).
6
Let z(v) be the third derivative of -13*v**4/24 + 2*v**3/3 + 963*v**2 + 2. Give z(1).
-9
Let u = 13 + 7. Let r(l) = -l**3 + 5*l**2 + 2*l. Let g be r(5). Let k(a) = u*a + 8*a**2 - 9*a - g*a. Calculate k(-1).
7
Let n(y) be the third derivative of y**4/24 - 2*y**3 + 458*y**2. Let z = 9 + -4. What is n(z)?
-7
Suppose 138*a - 6 = 140*a, -4*w + 27 = -5*a. Let o(j) = -j**3 + 2*j**2 + 5*j - 10. Calculate o(w).
-4
Let t(b) be the third derivative of -b**5/60 - b**4/2 - 11*b**3/6 - 99*b**2 - 2. Suppose 62*c - 30 = 65*c. Give t(c).
9
Let m(z) = -z**2 + 4*z - 17. Let o(w) = 5*w**3 + 2*w**2 + 5*w + 5. Let y be o(0). Determine m(y).
-22
Let w = -6004 - -6010. Let x(t) = 25*t - 144. Determine x(w).
6
Let l(x) = 5*x + 4*x + 66*x - 153 - 70*x. Calculate l(31).
2
Let x(y) = -9 + 23*y + 67*y**2 + 256*y**2 - 324*y**2. Give x(0).
-9
Let v(k) = -3*k + 2 + k - 3. Let t be 0 + (-18)/(-12)*-4. Let i be ((16/t)/4)/(2/3). What is v(i)?
1
Let m(u) = -4*u**2 - 63*u + 13. Let b be (96/(-30))/(33/90 + 4/(-24)). Calculate m(b).
-3
Let u(p) = p**3 - 10*p**2 + 13*p + 2. Let s be (586/(-2051))/(58/(-56) - -1). What is u(s)?
-22
Let g(q) = 35*q**2 + q. Suppose -21*w = -16*w - 720. Let b be 0 + (-12)/10 + w/720. Give g(b).
34
Let b be (-30)/40*(-5 + -3). Let w(y) = 5*y**3 - 5*y**3 - 2*y - y**3 - 8 - 5*y**2 + 2*y**3. Calculate w(b).
16
Suppose 5*s + 6 = -c - 2, 3*c + 5*s + 4 = 0. Let f(z) = 3*z + z**2 - 2*z**c - 3 - 2*z**2 + z**3. Let a(r) = 1042*r - 82316. Let t be a(79). Determine f(t).
-1
Let b(z) be the first derivative of 3 - 10*z - 1/2*z**2 + 1/4*z**4 - 1/3*z**3. Let t be (-35 - -34)/(2/(-2)) + -1. Determine b(t).
-10
Suppose -4*s - 3*h + 40 = 0, -2*h + 10 = 2*s + 2*h. Suppose 0 = 3*r - 4*y - 21, -2*r + 8 = -5*y - s. Let j(q) = 0*q**2 - 5 + 4*q**2 + 4 - 3*q - q**r. Give j(3).
-1
Suppose 2*f - 3*f - 5 = 0, 0 = -3*d - f - 35. Suppose -173 = -4*w - 145. Let i(b) = -11*b**2 + 11*b**2 - w + b**2 + 9*b. What is i(d)?
3
Let d(r) be the second derivative of -r**5/60 - 5*r**4/12 + 7*r**3/2 + 243*r**2/2 + 165*r. Let j(m) be the first derivative of d(m). Give j(-12).
-3
Let i(x) = -x**2 + 19*x + 96. Let o be i(23). Suppose o*y = 7 - 15. Let c(t) = t**2 + 2*t + 1. What is c(y)?
1
Let r(k) = 29*k - 98. Let o(p) = -21*p + 96. Let b(w) = 3*o(w) + 2*r(w). Give b(21).
-13
Let n(z) be the first derivative of z**7/70 - z**6/180 + z**5/120 + 116*z**3/3 - 25. Let k(o) be the third derivative of n(o). Determine k(1).
11
Let r(h) be the first derivative of -h**5/24 - 7*h**4/24 - 78*h**3 - 148. Let b(d) be the third derivative of r(d). Let l be (-1 + 3)/(2/(-6)). Give b(l).
23
Suppose -3*d + 367 = -5*t, 0*d - d + 221 = -3*t. Let h = t + 87. Suppose 0 = -3*i - h + 7. Let g(b) = 2*b**2 + 4*b + 2. Give g(i).
2
Suppose -4*i + 1 + 11 = 0, 1 = -l + i. Let c(y) be the second derivative of -y**3/3 - y**2/2 + 164*y. Calculate c(l).
-5
Let f(m) be the first derivative of -m**4/4 - 14*m**3/3 - 29*m**2/2 + 34*m + 152. Give f(-11).
-10
Let v be (-4)/(-18) - 1074/(-27). Suppose -6*t = 206 + v. Let i = t + 39. Let m(g) = 2*g**2 + 2*g - 2. Give m(i).
2
Let k(m) = -5*m + 24. Let a = -15961 - -15967. Give k(a).
-6
Let y(c) = -5*c + 72. Let m = 10824 - 10807. What is y(m)?
-13
Let x(t) = -2*t**3 + 85*t**2 + 132*t + 8. Let v(s) = -414*s - 784. Let b be v(-2). Give x(b).
8
Let z(s) = -21*s**2 - 2*s**3 + 73*s**2 + s - 19075 + 19056. What is z(26)?
7
Let w(j) = -1006 + j**2 + 1002 + 3*j + 10*j**2 + 10*j - 15*j. What is w(-2)?
44
Let o(h) = h**3 - 7*h**2 - 7. Suppose -22*s + 46 = -108. What is o(s)?
-7
Let h be ((-1 - 1) + 3)*-3. Let y(f) = f**3 - 22*f**2 - 5*f - 8. Let b(n) = 6*n**2 + n + 2. Let i(o) = 4*b(o) + y(o). Give i(h).
-6
Suppose 7*i = -0*i + 14. Suppose 4*j - 2*t = 30, 2*t + 5 = -3*j - i*t. Suppose 7*s =